of 379878?
2, 3, 63313
List the prime factors of 299361.
3, 99787
What are the prime factors of 65522?
2, 181
What are the prime factors of 13258880?
2, 5, 20717
List the prime factors of 21462.
2, 3, 7, 73
List the prime factors of 599472.
2, 3, 23, 181
What are the prime factors of 8539210?
2, 5, 23, 137, 271
What are the prime factors of 91495?
5, 29, 631
List the prime factors of 1738247.
7, 239, 1039
What are the prime factors of 6204174?
2, 3, 1034029
List the prime factors of 526950.
2, 3, 5, 1171
List the prime factors of 11138.
2, 5569
List the prime factors of 360086.
2, 180043
What are the prime factors of 3221610?
2, 3, 5, 7, 23, 29
What are the prime factors of 185376?
2, 3, 1931
List the prime factors of 297758.
2, 23, 6473
What are the prime factors of 18250429?
47, 89, 4363
List the prime factors of 1622199.
3, 31, 17443
What are the prime factors of 674387?
7, 13763
What are the prime factors of 250861?
13, 23, 839
What are the prime factors of 1783721?
397, 4493
What are the prime factors of 4357664?
2, 136177
What are the prime factors of 114190?
2, 5, 19, 601
What are the prime factors of 3525213?
3, 1175071
List the prime factors of 440191.
29, 43, 353
What are the prime factors of 502235?
5, 100447
List the prime factors of 4354785.
3, 5, 29, 47, 71
List the prime factors of 4394892.
2, 3, 29, 73, 173
List the prime factors of 1348814.
2, 17, 39671
What are the prime factors of 167895?
3, 5, 7, 13, 41
List the prime factors of 138270.
2, 3, 5, 11, 419
What are the prime factors of 219570?
2, 3, 5, 13, 563
What are the prime factors of 1069431?
3, 11, 23, 1409
What are the prime factors of 1111286?
2, 11, 50513
What are the prime factors of 786434?
2, 11, 35747
List the prime factors of 2770533.
3, 43, 7159
List the prime factors of 54227.
211, 257
List the prime factors of 187442.
2, 17, 37, 149
List the prime factors of 320378.
2, 19, 8431
What are the prime factors of 102585?
3, 5, 7, 977
List the prime factors of 1262568.
2, 3, 31, 1697
What are the prime factors of 490139?
13, 37, 1019
List the prime factors of 301542.
2, 3, 29, 1733
What are the prime factors of 255109?
337, 757
List the prime factors of 23194611.
3, 11, 19, 59
List the prime factors of 3320984.
2, 17, 24419
List the prime factors of 503821.
503821
What are the prime factors of 405155?
5, 81031
What are the prime factors of 37750?
2, 5, 151
What are the prime factors of 6110521?
6110521
List the prime factors of 191884.
2, 7, 11, 89
List the prime factors of 32751360.
2, 3, 5, 2843
List the prime factors of 148069.
263, 563
List the prime factors of 3222812.
2, 805703
What are the prime factors of 6244309?
29, 197, 1093
What are the prime factors of 10256833?
43, 238531
List the prime factors of 15232512.
2, 3, 47, 211
List the prime factors of 6616618.
2, 3308309
What are the prime factors of 674991?
3, 37, 2027
List the prime factors of 594598.
2, 211, 1409
List the prime factors of 4509871.
599, 7529
What are the prime factors of 2753152?
2, 137, 157
What are the prime factors of 13845790?
2, 5, 7, 139, 1423
What are the prime factors of 14419486?
2, 907, 7949
What are the prime factors of 146634?
2, 3, 24439
What are the prime factors of 108153?
3, 61, 197
What are the prime factors of 574075?
5, 22963
What are the prime factors of 251599?
311, 809
What are the prime factors of 321315?
3, 5, 31, 691
What are the prime factors of 183715?
5, 7, 29, 181
List the prime factors of 1600412.
2, 11, 36373
List the prime factors of 1205811.
3, 133979
List the prime factors of 13194609.
3, 103, 42701
List the prime factors of 107446.
2, 31, 1733
List the prime factors of 1595388.
2, 3, 132949
What are the prime factors of 360697?
107, 3371
What are the prime factors of 111937?
7, 15991
List the prime factors of 1530890.
2, 5, 153089
What are the prime factors of 619330?
2, 5, 61933
What are the prime factors of 1014506?
2, 31, 16363
List the prime factors of 65632.
2, 7, 293
What are the prime factors of 417535?
5, 113, 739
What are the prime factors of 1669429?
101, 16529
What are the prime factors of 5169138?
2, 3, 13, 66271
List the prime factors of 1195197.
3, 127, 3137
List the prime factors of 551915.
5, 7, 13, 1213
List the prime factors of 13139.
7, 1877
What are the prime factors of 16601009?
23, 721783
What are the prime factors of 4594212?
2, 3, 7, 59, 103
What are the prime factors of 20298077?
113, 263, 683
What are the prime factors of 121734?
2, 3, 6763
List the prime factors of 2530727.
2530727
List the prime factors of 338420.
2, 5, 16921
What are the prime factors of 56786?
2, 28393
List the prime factors of 140247.
3, 15583
List the prime factors of 9968208.
2, 3, 207671
What are the prime factors of 2113799?
53, 39883
List the prime factors of 223334.
2, 111667
What are the prime factors of 1366181?
53, 149, 173
List the prime factors of 1623282.
2, 3, 270547
What are the prime factors of 44084?
2, 103, 107
List the prime factors of 354120.
2, 3, 5, 13, 227
List the prime factors of 888772.
2, 222193
List the prime factors of 8264645.
5, 1652929
List the prime factors of 2169192.
2, 3, 19, 67, 71
List the prime factors of 26889242.
2, 13444621
List the prime factors of 154199.
271, 569
What are the prime factors of 414560?
2, 5, 2591
List the prime factors of 3566716.
2, 891679
List the prime factors of 99904.
2, 7, 223
What are the prime factors of 90485?
5, 18097
What are the prime factors of 1858037?
163, 11399
List the prime factors of 832644.
2, 3, 101, 229
List the prime factors of 28603845.
3, 5, 97, 6553
What are the prime factors of 860138?
2, 373, 1153
What are the prime factors of 339129?
3, 7, 769
List the prime factors of 407094.
2, 3, 19, 3571
What are the prime factors of 4756010?
2, 5, 7, 67943
What are the prime factors of 4534188?
2, 3, 373, 1013
List the prime factors of 2448899.
179, 13681
List the prime factors of 15699930.
2, 3, 5, 419, 1249
List the prime factors of 3890550.
2, 3, 5, 37, 701
What are the prime factors of 12622?
2, 6311
What are the prime factors of 5938963?
19, 241, 1297
What are the prime factors of 13299?
3, 11, 13, 31
List the prime factors of 724727.
17, 89, 479
List the prime factors of 12385344.
2, 3, 251, 257
What are the prime factors of 23653433?
41, 359, 1607
What are the prime factors of 469504?
2, 7, 131
List the prime factors of 240484.
2, 59, 1019
What are the prime factors of 2219035?
5, 7, 13, 4877
What are the prime factors of 791151?
3, 31, 47, 181
List the prime factors of 6875096.
2, 317, 2711
List the prime factors of 248102.
2, 19, 6529
What are the prime factors of 3578866?
2, 1789433
What are the prime factors of 218659?
7, 31237
List the prime factors of 8451279.
3, 239, 3929
What are the prime factors of 2563304?
2, 23, 13931
What are the prime factors of 115353?
3, 7, 1831
What are the prime factors of 1251783?
3, 13, 823
List the prime factors of 96798.
2, 3, 13, 17, 73
List the prime factors of 3264734.
2, 11, 31, 4787
What are the prime factors of 469769?
469769
What are the prime factors of 34450?
2, 5, 13, 53
What are the prime factors of 101378?
2, 173, 293
What are the prime factors of 634864?
2, 39679
List the prime factors of 20419784.
2, 7, 11, 33149
What are the prime factors of 4013539?
31, 129469
List the prime factors of 354070.
2, 5, 35407
List the prime factors of 485867.
523, 929
List the prime factors of 1674544.
2, 104659
What are the prime factors of 436472?
2, 54559
List the prime factors of 118323.
3, 13147
List the prime factors of 326836.
2, 101, 809
List the prime factors of 54025.
5, 2161
List the prime factors of 1178576.
2, 7, 17, 619
What are the prime factors of 1049337?
3, 116593
List the prime factors of 7174435.
5, 1434887
What are the prime factors of 264284?
2, 66071
List the prime factors of 11453916.
2, 3, 971, 983
List the prime factors of 977321.
367, 2663
What are the prime factors of 186055?
5, 127, 293
List the prime factors of 1239514.
2, 443, 1399
What are the prime factors of 749135?
5, 149827
What are the prime factors of 1928811?
3, 642937
List the prime factors of 23729481.
3, 2636609
List the prime factors of 451714.
2, 67, 3371
What are the prime factors of 2889393?
3, 13, 41, 139
List the prime factors of 850296.
2,